7
What are the prime factors of 6547855?
5, 1309571
What are the prime factors of 622712?
2, 77839
List the prime factors of 2947634.
2, 23, 139, 461
What are the prime factors of 5606185?
5, 13, 86249
List the prime factors of 3423824.
2, 213989
What are the prime factors of 270721?
11, 24611
List the prime factors of 2445714.
2, 3, 31, 487
List the prime factors of 210897.
3, 73, 107
What are the prime factors of 174332?
2, 41, 1063
List the prime factors of 2165648.
2, 135353
What are the prime factors of 690554?
2, 193, 1789
List the prime factors of 10436280.
2, 3, 5, 86969
What are the prime factors of 371378?
2, 7, 41, 647
List the prime factors of 10562715.
3, 5, 234727
List the prime factors of 174928.
2, 13, 29
What are the prime factors of 309190?
2, 5, 7, 631
What are the prime factors of 608211?
3, 67579
What are the prime factors of 8657285?
5, 7, 13, 53, 359
What are the prime factors of 3154287?
3, 37, 157, 181
List the prime factors of 327796.
2, 7, 23, 509
What are the prime factors of 1680835?
5, 13, 19, 1361
List the prime factors of 2480892.
2, 3, 29, 7129
What are the prime factors of 2536438?
2, 233, 5443
What are the prime factors of 649010?
2, 5, 64901
What are the prime factors of 681907?
31, 21997
List the prime factors of 336854.
2, 7, 24061
List the prime factors of 878231.
367, 2393
List the prime factors of 1184362.
2, 23, 25747
What are the prime factors of 1040279?
1009, 1031
What are the prime factors of 94078?
2, 17, 2767
List the prime factors of 5526152.
2, 113, 6113
List the prime factors of 329465.
5, 131, 503
What are the prime factors of 333473?
7, 47639
What are the prime factors of 353227?
7, 50461
List the prime factors of 17226.
2, 3, 11, 29
List the prime factors of 285887.
7, 40841
What are the prime factors of 3556275?
3, 5, 47417
List the prime factors of 162973.
162973
What are the prime factors of 9910013?
9910013
What are the prime factors of 5222648?
2, 652831
List the prime factors of 191150.
2, 5, 3823
What are the prime factors of 3171242?
2, 271, 5851
List the prime factors of 8136298.
2, 29, 140281
What are the prime factors of 255083?
255083
What are the prime factors of 1086757?
7, 155251
List the prime factors of 252940.
2, 5, 12647
What are the prime factors of 489780?
2, 3, 5, 907
List the prime factors of 3703110.
2, 3, 5, 17, 53, 137
List the prime factors of 1947351.
3, 7, 47, 1973
List the prime factors of 900064.
2, 11, 2557
List the prime factors of 2923181.
61, 173, 277
List the prime factors of 170219.
7, 24317
What are the prime factors of 924508?
2, 13, 23, 773
What are the prime factors of 95188?
2, 53, 449
What are the prime factors of 13328302?
2, 13, 109, 4703
List the prime factors of 1859474.
2, 929737
List the prime factors of 943456.
2, 29483
What are the prime factors of 553365?
3, 5, 4099
What are the prime factors of 1288138?
2, 23, 41, 683
List the prime factors of 140901.
3, 67, 701
What are the prime factors of 169918?
2, 7, 53, 229
List the prime factors of 379475.
5, 43, 353
What are the prime factors of 9992934?
2, 3, 7, 79309
List the prime factors of 162363.
3, 54121
What are the prime factors of 117149?
31, 3779
What are the prime factors of 175697?
23, 7639
List the prime factors of 188595.
3, 5, 11, 127
List the prime factors of 3747105.
3, 5, 83269
List the prime factors of 2059.
29, 71
List the prime factors of 271530.
2, 3, 5, 7, 431
List the prime factors of 240875.
5, 41, 47
What are the prime factors of 1841528?
2, 13, 17707
What are the prime factors of 3700420?
2, 5, 185021
List the prime factors of 470642.
2, 31, 7591
List the prime factors of 2250385.
5, 450077
What are the prime factors of 19070446?
2, 9535223
List the prime factors of 1046632.
2, 130829
List the prime factors of 116627.
7, 16661
List the prime factors of 2071911.
3, 443, 1559
What are the prime factors of 12510545?
5, 157, 15937
What are the prime factors of 75750?
2, 3, 5, 101
List the prime factors of 2660134.
2, 23, 57829
List the prime factors of 697398.
2, 3, 13, 8941
What are the prime factors of 1540414?
2, 770207
What are the prime factors of 1532179?
11, 19, 7331
What are the prime factors of 1577577?
3, 383, 1373
What are the prime factors of 84861?
3, 7, 449
List the prime factors of 668257.
37, 18061
List the prime factors of 324225.
3, 5, 11, 131
What are the prime factors of 794164?
2, 7, 113, 251
List the prime factors of 186696.
2, 3, 2593
What are the prime factors of 25813504?
2, 50417
What are the prime factors of 110472?
2, 3, 4603
List the prime factors of 2921349.
3, 97, 10039
What are the prime factors of 1232450?
2, 5, 157
What are the prime factors of 3035178?
2, 3, 56207
List the prime factors of 2604088.
2, 163, 1997
What are the prime factors of 18892147?
18892147
List the prime factors of 32191.
32191
What are the prime factors of 1052507?
1013, 1039
What are the prime factors of 160951?
7, 22993
List the prime factors of 733841.
733841
What are the prime factors of 87521?
7, 12503
List the prime factors of 2228585.
5, 23, 19379
What are the prime factors of 40613120?
2, 5, 31729
List the prime factors of 368349.
3, 199, 617
What are the prime factors of 675906?
2, 3, 7, 11, 19
List the prime factors of 13837495.
5, 7, 29, 13633
List the prime factors of 1896328.
2, 7, 33863
List the prime factors of 331014.
2, 3, 43, 1283
List the prime factors of 1289972.
2, 31, 101, 103
What are the prime factors of 218368?
2, 853
List the prime factors of 361362.
2, 3, 229, 263
What are the prime factors of 1072405?
5, 214481
List the prime factors of 40810.
2, 5, 7, 11, 53
What are the prime factors of 813822?
2, 3, 135637
What are the prime factors of 395181?
3, 19, 2311
What are the prime factors of 7704586?
2, 23, 167491
What are the prime factors of 134032?
2, 8377
List the prime factors of 810823.
13, 97, 643
What are the prime factors of 16727255?
5, 3345451
What are the prime factors of 5154731?
881, 5851
List the prime factors of 1869572.
2, 29, 71, 227
What are the prime factors of 21390648?
2, 3, 891277
What are the prime factors of 1382619?
3, 7, 65839
What are the prime factors of 3106867?
3106867
What are the prime factors of 84795?
3, 5, 5653
What are the prime factors of 51452?
2, 19, 677
List the prime factors of 2200448.
2, 17191
What are the prime factors of 218428?
2, 7, 29, 269
List the prime factors of 652157.
11, 101, 587
What are the prime factors of 29011211?
23, 1261357
What are the prime factors of 40508?
2, 13, 19, 41
List the prime factors of 5248668.
2, 3, 437389
List the prime factors of 602094.
2, 3, 23, 4363
What are the prime factors of 77626?
2, 37, 1049
What are the prime factors of 16153087?
29, 19207
What are the prime factors of 1275029?
7, 26021
What are the prime factors of 24495?
3, 5, 23, 71
List the prime factors of 120767.
120767
What are the prime factors of 2239614?
2, 3, 13, 17, 563
List the prime factors of 164176.
2, 31, 331
What are the prime factors of 708615?
3, 5, 29, 181
What are the prime factors of 139840?
2, 5, 19, 23
What are the prime factors of 13990953?
3, 43, 108457
What are the prime factors of 839483?
839483
List the prime factors of 4826255.
5, 7, 19699
What are the prime factors of 8445285?
3, 5, 53, 3541
List the prime factors of 318810.
2, 3, 5, 10627
List the prime factors of 479730.
2, 3, 5, 15991
What are the prime factors of 1245758?
2, 622879
List the prime factors of 145754.
2, 7, 29, 359
What are the prime factors of 3943912?
2, 7, 10061
What are the prime factors of 1022876?
2, 31, 73, 113
List the prime factors of 109589.
109589
What are the prime factors of 228485?
5, 45697
What are the prime factors of 88121?
11, 8011
List the prime factors of 243394.
2, 121697
What are the prime factors of 3992490?
2, 3, 5, 31, 53
List the prime factors of 5932100.
2, 5, 137, 433
What are the prime factors of 224237?
13, 47, 367
List the prime factors of 9074902.
2, 1129, 4019
List the prime factors of 2613370.
2, 5, 261337
What are the prime factors of 1033284?
2, 3, 7, 12301
What are the prime factors of 4844236?
2, 1211059
What are the prime factors of 1009021?
13, 77617
What are the prime factors of 178307?
178307
List the prime factors of 2477115.
3, 5, 59, 311
List the prime factors